{"id":1009,"date":"2021-10-11T05:04:07","date_gmt":"2021-10-11T05:04:07","guid":{"rendered":"https:\/\/comercial.3v.cl\/about\/"},"modified":"2024-10-11T19:03:24","modified_gmt":"2024-10-11T19:03:24","slug":"about","status":"publish","type":"page","link":"https:\/\/3v.cl\/comercial\/about\/","title":{"rendered":"Sobre Nosotros"},"content":{"rendered":"\t\t<div data-elementor-type=\"wp-page\" data-elementor-id=\"1009\" class=\"elementor elementor-1009\">\n\t\t\t\t\t\t<section class=\"elementor-section elementor-top-section elementor-element elementor-element-c176daa elementor-section-boxed elementor-section-height-default elementor-section-height-default\" data-id=\"c176daa\" data-element_type=\"section\" data-e-type=\"section\">\n\t\t\t\t\t\t<div class=\"elementor-container elementor-column-gap-default\">\n\t\t\t\t\t<div class=\"elementor-column elementor-col-100 elementor-top-column elementor-element elementor-element-437621c4\" data-id=\"437621c4\" data-element_type=\"column\" data-e-type=\"column\">\n\t\t\t<div class=\"elementor-widget-wrap elementor-element-populated\">\n\t\t\t\t\t\t<div class=\"elementor-element elementor-element-6e39bde1 elementor-widget elementor-widget-text-editor\" data-id=\"6e39bde1\" data-element_type=\"widget\" data-e-type=\"widget\" data-widget_type=\"text-editor.default\">\n\t\t\t\t<div class=\"elementor-widget-container\">\n\t\t\t\t\t\t\t\t\t\n<div class=\"wp-block-uagb-container uagb-block-84f7da2b alignfull uagb-is-root-container\">\n<div class=\"uagb-container-inner-blocks-wrap\">\n<div class=\"wp-block-uagb-advanced-heading uagb-block-525b0092\">\n<h1 class=\"uagb-heading-text\">Sobre Nosotros<\/h1>\n<\/div>\n<\/div>\n<\/div>\n\n<div class=\"wp-block-uagb-container uagb-block-06942b9d alignfull uagb-is-root-container\">\n<div class=\"uagb-container-inner-blocks-wrap\">\n<div class=\"wp-block-uagb-container uagb-block-448efe35\">\n<div class=\"wp-block-uagb-advanced-heading uagb-block-b013a0fa\">\n<p class=\"uagb-heading-text\"><strong>3V Comercial nace el a\u00f1o 2011, con la finalidad de centralizar las diferentes necesidades de abastecimiento de insumos industriales y t\u00e9cnicos, adem\u00e1s del arriendo de maquinaria para la miner\u00eda y la construcci\u00f3n.<\/strong><\/p>\n<\/div>\n<p><strong><\/strong><\/p>\n<p class=\"has-text-align-right has-medium-font-size\" style=\"line-height: 1.5;\"><strong>Experiencia a su disposici\u00f3n<\/strong><\/p>\n\n<p class=\"has-text-align-right\">Esta integrada por profesionales relacionados al \u00e1mbito minero, mec\u00e1nico, industrial y comercial, enfocados en trabajar en\u00e9rgicamente para cubrir las demandas de los clientes que requieran de nuestra experiencia. Es este conocimiento acumulado de d\u00e9cadas en terreno, que nos permite contar con un cat\u00e1logo de productos capaz de abarcar gran parte de las necesidades de abastecimiento de un proyecto. Nuestro personal es altamente flexible ante las demandas t\u00e9cnicas de su proyecto.<\/p>\n\n<p class=\"has-medium-font-size\"><strong>Somos importadores directos<\/strong><\/p>\n\n<p>Contamos con la expertise necesaria para derribar todas las brechas t\u00e9cnicas que se interponen a una buena selecci\u00f3n de productos. <strong>Somos importadores directos<\/strong> con precios muy competitivos a nivel nacional. Para cumplir con lo anterior y con nuestro est\u00e1ndar de servicio<em>, <\/em>es que 3V Comercial, a lo largo del tiempo, ha ampliado su gama de <strong>productos e insumos con certificaci\u00f3n<\/strong>, para as\u00ed mantener la confianza y seguridad de sus clientes.<\/p>\n\n<p class=\"has-text-align-right has-medium-font-size\"><strong>Atenci\u00f3n a la altura de nuestros clientes<\/strong><\/p>\n\n<p class=\"has-text-align-right\">Tenemos una atenci\u00f3n especializada y personalizada que ser\u00e1 la clave para discutir y satisfacer sus necesidades el \u00e1rea industrial, \u00e1rea de seguridad vial, \u00e1rea de almacenamiento, \u00e1rea de limpieza industrial, l\u00ednea de carga, materias de construcci\u00f3n, instalaci\u00f3n sanitaria, equipamiento minero y elementos de protecci\u00f3n personal.<\/p>\n<\/div>\n<\/div>\n<\/div>\n\n<div class=\"wp-block-uagb-container uagb-block-26ca0776 default uagb-is-root-container\">\n<div class=\"wp-block-uagb-advanced-heading uagb-block-7b69e2bc\">\n<h4 class=\"uagb-heading-text\"><strong>Nuestros CLIENTES<\/strong><\/h4>\n<div class=\"uagb-separator\">\u00a0<\/div>\n<\/div>\n\n<div class=\"wp-block-columns are-vertically-aligned-center is-layout-flex wp-container-core-columns-is-layout-28f84493 wp-block-columns-is-layout-flex\">\n<div class=\"wp-block-column is-vertically-aligned-center is-layout-flow wp-block-column-is-layout-flow\" style=\"flex-basis: 100%;\">\n<div class=\"wp-block-columns are-vertically-aligned-center is-layout-flex wp-container-core-columns-is-layout-28f84493 wp-block-columns-is-layout-flex\">\n<div class=\"wp-block-column is-vertically-aligned-center is-layout-flow wp-block-column-is-layout-flow\">\n<div class=\"wp-block-columns is-layout-flex wp-container-core-columns-is-layout-28f84493 wp-block-columns-is-layout-flex\">\n<div class=\"wp-block-column is-vertically-aligned-center is-layout-flow wp-block-column-is-layout-flow\">\n<figure class=\"wp-block-image aligncenter size-full\"><img fetchpriority=\"high\" decoding=\"async\" width=\"342\" height=\"147\" class=\"wp-image-5388\" src=\"https:\/\/3v.cl\/comercial\/wp-content\/uploads\/2023\/09\/WhatsApp-Image-2023-09-05-at-13.28.24-1-2.jpeg\" alt=\"\" srcset=\"https:\/\/3v.cl\/comercial\/wp-content\/uploads\/2023\/09\/WhatsApp-Image-2023-09-05-at-13.28.24-1-2.jpeg 342w, https:\/\/3v.cl\/comercial\/wp-content\/uploads\/2023\/09\/WhatsApp-Image-2023-09-05-at-13.28.24-1-2-300x129.jpeg 300w, https:\/\/3v.cl\/comercial\/wp-content\/uploads\/2023\/09\/WhatsApp-Image-2023-09-05-at-13.28.24-1-2-64x28.jpeg 64w\" sizes=\"(max-width: 342px) 100vw, 342px\" \/><\/figure>\n<\/div>\n\n<div class=\"wp-block-column is-vertically-aligned-center is-layout-flow wp-block-column-is-layout-flow\">\n<figure class=\"wp-block-image aligncenter size-full\"><img decoding=\"async\" width=\"341\" height=\"148\" class=\"wp-image-5389\" src=\"https:\/\/3v.cl\/comercial\/wp-content\/uploads\/2023\/09\/WhatsApp-Image-2023-09-05-at-13.28.24-2-2.jpeg\" alt=\"\" srcset=\"https:\/\/3v.cl\/comercial\/wp-content\/uploads\/2023\/09\/WhatsApp-Image-2023-09-05-at-13.28.24-2-2.jpeg 341w, https:\/\/3v.cl\/comercial\/wp-content\/uploads\/2023\/09\/WhatsApp-Image-2023-09-05-at-13.28.24-2-2-300x130.jpeg 300w, https:\/\/3v.cl\/comercial\/wp-content\/uploads\/2023\/09\/WhatsApp-Image-2023-09-05-at-13.28.24-2-2-64x28.jpeg 64w\" sizes=\"(max-width: 341px) 100vw, 341px\" \/><\/figure>\n<\/div>\n<\/div>\n<\/div>\n\n<div class=\"wp-block-column is-vertically-aligned-center is-layout-flow wp-block-column-is-layout-flow\">\n<div class=\"wp-block-columns are-vertically-aligned-center is-layout-flex wp-container-core-columns-is-layout-28f84493 wp-block-columns-is-layout-flex\">\n<div class=\"wp-block-column is-vertically-aligned-center is-layout-flow wp-block-column-is-layout-flow\">\n<figure class=\"wp-block-image aligncenter size-full\"><img decoding=\"async\" width=\"290\" height=\"174\" class=\"wp-image-5390\" src=\"https:\/\/3v.cl\/comercial\/wp-content\/uploads\/2023\/09\/WhatsApp-Image-2023-09-05-at-13.28.24-3-2.jpeg\" alt=\"\" srcset=\"https:\/\/3v.cl\/comercial\/wp-content\/uploads\/2023\/09\/WhatsApp-Image-2023-09-05-at-13.28.24-3-2.jpeg 290w, https:\/\/3v.cl\/comercial\/wp-content\/uploads\/2023\/09\/WhatsApp-Image-2023-09-05-at-13.28.24-3-2-64x38.jpeg 64w\" sizes=\"(max-width: 290px) 100vw, 290px\" \/><\/figure>\n<\/div>\n\n<div class=\"wp-block-column is-vertically-aligned-center is-layout-flow wp-block-column-is-layout-flow\">\n<figure class=\"wp-block-image aligncenter size-full\"><img loading=\"lazy\" decoding=\"async\" width=\"488\" height=\"103\" class=\"wp-image-5391\" src=\"https:\/\/3v.cl\/comercial\/wp-content\/uploads\/2023\/09\/WhatsApp-Image-2023-09-05-at-13.28.24-4.jpeg\" alt=\"\" srcset=\"https:\/\/3v.cl\/comercial\/wp-content\/uploads\/2023\/09\/WhatsApp-Image-2023-09-05-at-13.28.24-4.jpeg 488w, https:\/\/3v.cl\/comercial\/wp-content\/uploads\/2023\/09\/WhatsApp-Image-2023-09-05-at-13.28.24-4-300x63.jpeg 300w, https:\/\/3v.cl\/comercial\/wp-content\/uploads\/2023\/09\/WhatsApp-Image-2023-09-05-at-13.28.24-4-400x84.jpeg 400w, https:\/\/3v.cl\/comercial\/wp-content\/uploads\/2023\/09\/WhatsApp-Image-2023-09-05-at-13.28.24-4-64x14.jpeg 64w\" sizes=\"(max-width: 488px) 100vw, 488px\" \/><\/figure>\n<\/div>\n<\/div>\n<\/div>\n<\/div>\n<\/div>\n<\/div>\n<\/div>\n\n<p>\u00a0<\/p>\n\t\t\t\t\t\t\t\t<\/div>\n\t\t\t\t<\/div>\n\t\t\t\t\t<\/div>\n\t\t<\/div>\n\t\t\t\t\t<\/div>\n\t\t<\/section>\n\t\t\t\t<\/div>\n\t\t","protected":false},"excerpt":{"rendered":"<p>Sobre Nosotros 3V Comercial nace el a\u00f1o 2011, con la finalidad de centralizar las diferentes necesidades de abastecimiento de insumos industriales y t\u00e9cnicos, adem\u00e1s del arriendo de maquinaria para la miner\u00eda y la construcci\u00f3n. Experiencia a su disposici\u00f3n Esta integrada por profesionales relacionados al \u00e1mbito minero, mec\u00e1nico, industrial y comercial, enfocados en trabajar en\u00e9rgicamente para [&hellip;]<\/p>\n","protected":false},"author":1,"featured_media":0,"parent":0,"menu_order":0,"comment_status":"closed","ping_status":"closed","template":"","meta":{"_uag_custom_page_level_css":"","site-sidebar-layout":"no-sidebar","site-content-layout":"page-builder","ast-site-content-layout":"default","site-content-style":"default","site-sidebar-style":"default","ast-global-header-display":"","ast-banner-title-visibility":"","ast-main-header-display":"","ast-hfb-above-header-display":"","ast-hfb-below-header-display":"","ast-hfb-mobile-header-display":"","site-post-title":"disabled","ast-breadcrumbs-content":"","ast-featured-img":"disabled","footer-sml-layout":"","ast-disable-related-posts":"","theme-transparent-header-meta":"default","adv-header-id-meta":"","stick-header-meta":"","header-above-stick-meta":"","header-main-stick-meta":"","header-below-stick-meta":"","astra-migrate-meta-layouts":"default","ast-page-background-enabled":"default","ast-page-background-meta":{"desktop":{"background-color":"var(--ast-global-color-4)","background-image":"","background-repeat":"repeat","background-position":"center center","background-size":"auto","background-attachment":"scroll","background-type":"","background-media":"","overlay-type":"","overlay-color":"","overlay-opacity":"","overlay-gradient":""},"tablet":{"background-color":"","background-image":"","background-repeat":"repeat","background-position":"center center","background-size":"auto","background-attachment":"scroll","background-type":"","background-media":"","overlay-type":"","overlay-color":"","overlay-opacity":"","overlay-gradient":""},"mobile":{"background-color":"","background-image":"","background-repeat":"repeat","background-position":"center center","background-size":"auto","background-attachment":"scroll","background-type":"","background-media":"","overlay-type":"","overlay-color":"","overlay-opacity":"","overlay-gradient":""}},"ast-content-background-meta":{"desktop":{"background-color":"var(--ast-global-color-5)","background-image":"","background-repeat":"repeat","background-position":"center center","background-size":"auto","background-attachment":"scroll","background-type":"","background-media":"","overlay-type":"","overlay-color":"","overlay-opacity":"","overlay-gradient":""},"tablet":{"background-color":"var(--ast-global-color-5)","background-image":"","background-repeat":"repeat","background-position":"center center","background-size":"auto","background-attachment":"scroll","background-type":"","background-media":"","overlay-type":"","overlay-color":"","overlay-opacity":"","overlay-gradient":""},"mobile":{"background-color":"var(--ast-global-color-5)","background-image":"","background-repeat":"repeat","background-position":"center center","background-size":"auto","background-attachment":"scroll","background-type":"","background-media":"","overlay-type":"","overlay-color":"","overlay-opacity":"","overlay-gradient":""}},"footnotes":""},"class_list":["post-1009","page","type-page","status-publish","hentry"],"yoast_head":"<!-- This site is optimized with the Yoast SEO plugin v27.5 - https:\/\/yoast.com\/product\/yoast-seo-wordpress\/ -->\n<title>Sobre Nosotros - 3V Comercial<\/title>\n<meta name=\"robots\" content=\"index, follow, max-snippet:-1, max-image-preview:large, max-video-preview:-1\" \/>\n<link rel=\"canonical\" href=\"https:\/\/3v.cl\/comercial\/about\/\" \/>\n<meta property=\"og:locale\" content=\"es_ES\" \/>\n<meta property=\"og:type\" content=\"article\" \/>\n<meta property=\"og:title\" content=\"Sobre Nosotros - 3V Comercial\" \/>\n<meta property=\"og:description\" content=\"Sobre Nosotros 3V Comercial nace el a\u00f1o 2011, con la finalidad de centralizar las diferentes necesidades de abastecimiento de insumos industriales y t\u00e9cnicos, adem\u00e1s del arriendo de maquinaria para la miner\u00eda y la construcci\u00f3n. Experiencia a su disposici\u00f3n Esta integrada por profesionales relacionados al \u00e1mbito minero, mec\u00e1nico, industrial y comercial, enfocados en trabajar en\u00e9rgicamente para [&hellip;]\" \/>\n<meta property=\"og:url\" content=\"https:\/\/3v.cl\/comercial\/about\/\" \/>\n<meta property=\"og:site_name\" content=\"3V Comercial\" \/>\n<meta property=\"article:modified_time\" content=\"2024-10-11T19:03:24+00:00\" \/>\n<meta property=\"og:image\" content=\"https:\/\/3v.cl\/comercial\/wp-content\/uploads\/2023\/09\/WhatsApp-Image-2023-09-05-at-13.28.24-1-2.jpeg\" \/>\n<meta name=\"twitter:card\" content=\"summary_large_image\" \/>\n<meta name=\"twitter:label1\" content=\"Tiempo de lectura\" \/>\n\t<meta name=\"twitter:data1\" content=\"2 minutos\" \/>\n<script type=\"application\/ld+json\" class=\"yoast-schema-graph\">{\"@context\":\"https:\\\/\\\/schema.org\",\"@graph\":[{\"@type\":\"WebPage\",\"@id\":\"https:\\\/\\\/3v.cl\\\/comercial\\\/about\\\/\",\"url\":\"https:\\\/\\\/3v.cl\\\/comercial\\\/about\\\/\",\"name\":\"Sobre Nosotros - 3V Comercial\",\"isPartOf\":{\"@id\":\"https:\\\/\\\/3v.cl\\\/comercial\\\/#website\"},\"primaryImageOfPage\":{\"@id\":\"https:\\\/\\\/3v.cl\\\/comercial\\\/about\\\/#primaryimage\"},\"image\":{\"@id\":\"https:\\\/\\\/3v.cl\\\/comercial\\\/about\\\/#primaryimage\"},\"thumbnailUrl\":\"https:\\\/\\\/3v.cl\\\/comercial\\\/wp-content\\\/uploads\\\/2023\\\/09\\\/WhatsApp-Image-2023-09-05-at-13.28.24-1-2.jpeg\",\"datePublished\":\"2021-10-11T05:04:07+00:00\",\"dateModified\":\"2024-10-11T19:03:24+00:00\",\"breadcrumb\":{\"@id\":\"https:\\\/\\\/3v.cl\\\/comercial\\\/about\\\/#breadcrumb\"},\"inLanguage\":\"es\",\"potentialAction\":[{\"@type\":\"ReadAction\",\"target\":[\"https:\\\/\\\/3v.cl\\\/comercial\\\/about\\\/\"]}]},{\"@type\":\"ImageObject\",\"inLanguage\":\"es\",\"@id\":\"https:\\\/\\\/3v.cl\\\/comercial\\\/about\\\/#primaryimage\",\"url\":\"https:\\\/\\\/3v.cl\\\/comercial\\\/wp-content\\\/uploads\\\/2023\\\/09\\\/WhatsApp-Image-2023-09-05-at-13.28.24-1-2.jpeg\",\"contentUrl\":\"https:\\\/\\\/3v.cl\\\/comercial\\\/wp-content\\\/uploads\\\/2023\\\/09\\\/WhatsApp-Image-2023-09-05-at-13.28.24-1-2.jpeg\",\"width\":342,\"height\":147},{\"@type\":\"BreadcrumbList\",\"@id\":\"https:\\\/\\\/3v.cl\\\/comercial\\\/about\\\/#breadcrumb\",\"itemListElement\":[{\"@type\":\"ListItem\",\"position\":1,\"name\":\"Inicio\",\"item\":\"https:\\\/\\\/3v.cl\\\/comercial\\\/\"},{\"@type\":\"ListItem\",\"position\":2,\"name\":\"Sobre Nosotros\"}]},{\"@type\":\"WebSite\",\"@id\":\"https:\\\/\\\/3v.cl\\\/comercial\\\/#website\",\"url\":\"https:\\\/\\\/3v.cl\\\/comercial\\\/\",\"name\":\"3V Comercial\",\"description\":\"Productos industriales y Miner\u00eda.\",\"publisher\":{\"@id\":\"https:\\\/\\\/3v.cl\\\/comercial\\\/#organization\"},\"alternateName\":\"3V\",\"potentialAction\":[{\"@type\":\"SearchAction\",\"target\":{\"@type\":\"EntryPoint\",\"urlTemplate\":\"https:\\\/\\\/3v.cl\\\/comercial\\\/?s={search_term_string}\"},\"query-input\":{\"@type\":\"PropertyValueSpecification\",\"valueRequired\":true,\"valueName\":\"search_term_string\"}}],\"inLanguage\":\"es\"},{\"@type\":\"Organization\",\"@id\":\"https:\\\/\\\/3v.cl\\\/comercial\\\/#organization\",\"name\":\"Valenzuela y Valenzuela Ltda.\",\"alternateName\":\"3V Comercial\",\"url\":\"https:\\\/\\\/3v.cl\\\/comercial\\\/\",\"logo\":{\"@type\":\"ImageObject\",\"inLanguage\":\"es\",\"@id\":\"https:\\\/\\\/3v.cl\\\/comercial\\\/#\\\/schema\\\/logo\\\/image\\\/\",\"url\":\"https:\\\/\\\/i0.wp.com\\\/3v.cl\\\/comercial\\\/wp-content\\\/uploads\\\/2024\\\/11\\\/3v_Circular-2.jpg?fit=146%2C146&ssl=1\",\"contentUrl\":\"https:\\\/\\\/i0.wp.com\\\/3v.cl\\\/comercial\\\/wp-content\\\/uploads\\\/2024\\\/11\\\/3v_Circular-2.jpg?fit=146%2C146&ssl=1\",\"width\":146,\"height\":146,\"caption\":\"Valenzuela y Valenzuela Ltda.\"},\"image\":{\"@id\":\"https:\\\/\\\/3v.cl\\\/comercial\\\/#\\\/schema\\\/logo\\\/image\\\/\"}}]}<\/script>\n<!-- \/ Yoast SEO plugin. -->","yoast_head_json":{"title":"Sobre Nosotros - 3V Comercial","robots":{"index":"index","follow":"follow","max-snippet":"max-snippet:-1","max-image-preview":"max-image-preview:large","max-video-preview":"max-video-preview:-1"},"canonical":"https:\/\/3v.cl\/comercial\/about\/","og_locale":"es_ES","og_type":"article","og_title":"Sobre Nosotros - 3V Comercial","og_description":"Sobre Nosotros 3V Comercial nace el a\u00f1o 2011, con la finalidad de centralizar las diferentes necesidades de abastecimiento de insumos industriales y t\u00e9cnicos, adem\u00e1s del arriendo de maquinaria para la miner\u00eda y la construcci\u00f3n. Experiencia a su disposici\u00f3n Esta integrada por profesionales relacionados al \u00e1mbito minero, mec\u00e1nico, industrial y comercial, enfocados en trabajar en\u00e9rgicamente para [&hellip;]","og_url":"https:\/\/3v.cl\/comercial\/about\/","og_site_name":"3V Comercial","article_modified_time":"2024-10-11T19:03:24+00:00","og_image":[{"url":"https:\/\/3v.cl\/comercial\/wp-content\/uploads\/2023\/09\/WhatsApp-Image-2023-09-05-at-13.28.24-1-2.jpeg","type":"","width":"","height":""}],"twitter_card":"summary_large_image","twitter_misc":{"Tiempo de lectura":"2 minutos"},"schema":{"@context":"https:\/\/schema.org","@graph":[{"@type":"WebPage","@id":"https:\/\/3v.cl\/comercial\/about\/","url":"https:\/\/3v.cl\/comercial\/about\/","name":"Sobre Nosotros - 3V Comercial","isPartOf":{"@id":"https:\/\/3v.cl\/comercial\/#website"},"primaryImageOfPage":{"@id":"https:\/\/3v.cl\/comercial\/about\/#primaryimage"},"image":{"@id":"https:\/\/3v.cl\/comercial\/about\/#primaryimage"},"thumbnailUrl":"https:\/\/3v.cl\/comercial\/wp-content\/uploads\/2023\/09\/WhatsApp-Image-2023-09-05-at-13.28.24-1-2.jpeg","datePublished":"2021-10-11T05:04:07+00:00","dateModified":"2024-10-11T19:03:24+00:00","breadcrumb":{"@id":"https:\/\/3v.cl\/comercial\/about\/#breadcrumb"},"inLanguage":"es","potentialAction":[{"@type":"ReadAction","target":["https:\/\/3v.cl\/comercial\/about\/"]}]},{"@type":"ImageObject","inLanguage":"es","@id":"https:\/\/3v.cl\/comercial\/about\/#primaryimage","url":"https:\/\/3v.cl\/comercial\/wp-content\/uploads\/2023\/09\/WhatsApp-Image-2023-09-05-at-13.28.24-1-2.jpeg","contentUrl":"https:\/\/3v.cl\/comercial\/wp-content\/uploads\/2023\/09\/WhatsApp-Image-2023-09-05-at-13.28.24-1-2.jpeg","width":342,"height":147},{"@type":"BreadcrumbList","@id":"https:\/\/3v.cl\/comercial\/about\/#breadcrumb","itemListElement":[{"@type":"ListItem","position":1,"name":"Inicio","item":"https:\/\/3v.cl\/comercial\/"},{"@type":"ListItem","position":2,"name":"Sobre Nosotros"}]},{"@type":"WebSite","@id":"https:\/\/3v.cl\/comercial\/#website","url":"https:\/\/3v.cl\/comercial\/","name":"3V Comercial","description":"Productos industriales y Miner\u00eda.","publisher":{"@id":"https:\/\/3v.cl\/comercial\/#organization"},"alternateName":"3V","potentialAction":[{"@type":"SearchAction","target":{"@type":"EntryPoint","urlTemplate":"https:\/\/3v.cl\/comercial\/?s={search_term_string}"},"query-input":{"@type":"PropertyValueSpecification","valueRequired":true,"valueName":"search_term_string"}}],"inLanguage":"es"},{"@type":"Organization","@id":"https:\/\/3v.cl\/comercial\/#organization","name":"Valenzuela y Valenzuela Ltda.","alternateName":"3V Comercial","url":"https:\/\/3v.cl\/comercial\/","logo":{"@type":"ImageObject","inLanguage":"es","@id":"https:\/\/3v.cl\/comercial\/#\/schema\/logo\/image\/","url":"https:\/\/i0.wp.com\/3v.cl\/comercial\/wp-content\/uploads\/2024\/11\/3v_Circular-2.jpg?fit=146%2C146&ssl=1","contentUrl":"https:\/\/i0.wp.com\/3v.cl\/comercial\/wp-content\/uploads\/2024\/11\/3v_Circular-2.jpg?fit=146%2C146&ssl=1","width":146,"height":146,"caption":"Valenzuela y Valenzuela Ltda."},"image":{"@id":"https:\/\/3v.cl\/comercial\/#\/schema\/logo\/image\/"}}]}},"uagb_featured_image_src":{"full":false,"thumbnail":false,"medium":false,"medium_large":false,"large":false,"1536x1536":false,"2048x2048":false,"mailpoet_newsletter_max":false,"woocommerce_thumbnail":false,"woocommerce_single":false,"woocommerce_gallery_thumbnail":false,"dgwt-wcas-product-suggestion":false},"uagb_author_info":{"display_name":"3V","author_link":"https:\/\/3v.cl\/comercial\/author\/comercialadministrador\/"},"uagb_comment_info":0,"uagb_excerpt":"Sobre Nosotros 3V Comercial nace el a\u00f1o 2011, con la finalidad de centralizar las diferentes necesidades de abastecimiento de insumos industriales y t\u00e9cnicos, adem\u00e1s del arriendo de maquinaria para la miner\u00eda y la construcci\u00f3n. Experiencia a su disposici\u00f3n Esta integrada por profesionales relacionados al \u00e1mbito minero, mec\u00e1nico, industrial y comercial, enfocados en trabajar en\u00e9rgicamente para&hellip;","_links":{"self":[{"href":"https:\/\/3v.cl\/comercial\/wp-json\/wp\/v2\/pages\/1009","targetHints":{"allow":["GET"]}}],"collection":[{"href":"https:\/\/3v.cl\/comercial\/wp-json\/wp\/v2\/pages"}],"about":[{"href":"https:\/\/3v.cl\/comercial\/wp-json\/wp\/v2\/types\/page"}],"author":[{"embeddable":true,"href":"https:\/\/3v.cl\/comercial\/wp-json\/wp\/v2\/users\/1"}],"replies":[{"embeddable":true,"href":"https:\/\/3v.cl\/comercial\/wp-json\/wp\/v2\/comments?post=1009"}],"version-history":[{"count":24,"href":"https:\/\/3v.cl\/comercial\/wp-json\/wp\/v2\/pages\/1009\/revisions"}],"predecessor-version":[{"id":9245,"href":"https:\/\/3v.cl\/comercial\/wp-json\/wp\/v2\/pages\/1009\/revisions\/9245"}],"wp:attachment":[{"href":"https:\/\/3v.cl\/comercial\/wp-json\/wp\/v2\/media?parent=1009"}],"curies":[{"name":"wp","href":"https:\/\/api.w.org\/{rel}","templated":true}]}}